, what is 12 + 402?
414
In base 9, what is -4 + -3433?
-3437
In base 2, what is -1110001 - -1000?
-1101001
In base 7, what is 42 - -12?
54
In base 5, what is -2000 - -4?
-1441
In base 5, what is -2 + 2?
0
In base 14, what is 3 + -6b?
-68
In base 5, what is 1 - -3131?
3132
In base 4, what is -11202 + 11?
-11131
In base 8, what is -62 - 1?
-63
In base 6, what is 134300 - 5?
134251
In base 15, what is -231 - -1?
-230
In base 5, what is -3012 - -14?
-2443
In base 15, what is -5 + -20?
-25
In base 5, what is -21224 + -3?
-21232
In base 6, what is -12141 - 3?
-12144
In base 9, what is -1 + -18?
-20
In base 14, what is 1062 + -3?
105d
In base 12, what is 15 - -14?
29
In base 6, what is 5 - -130?
135
In base 3, what is 1201 + 1?
1202
In base 14, what is 3c + c?
4a
In base 2, what is -101 + -1100101110?
-1100110011
In base 16, what is -ee9 - 1?
-eea
In base 3, what is -101 - 21210?
-22011
In base 14, what is -a + -a?
-16
In base 15, what is -20 + -15?
-35
In base 7, what is -333 - -111?
-222
In base 16, what is -3 - -23?
20
In base 8, what is 11 - -142?
153
In base 3, what is -202 + 10000?
2021
In base 5, what is -2230 - -3?
-2222
In base 13, what is -a1 + -4a?
-11b
In base 6, what is 10 - -14251?
14301
In base 16, what is -1 - -3b3?
3b2
In base 12, what is -15 - -5?
-10
In base 4, what is 1 - 1?
0
In base 2, what is -11001 + -11000?
-110001
In base 5, what is -4 + 103344?
103340
In base 5, what is -22 - 0?
-22
In base 5, what is 20 + 342?
412
In base 11, what is -1 + 348?
347
In base 10, what is 0 + 166?
166
In base 12, what is -4 - -3b?
37
In base 2, what is -1 - -10100100?
10100011
In base 12, what is -1a8 - 4?
-1b0
In base 14, what is -1 - -3ca?
3c9
In base 14, what is -1cb9 - -2?
-1cb7
In base 8, what is -123 - 36?
-161
In base 12, what is -4 - -209?
205
In base 14, what is 1 + 1269?
126a
In base 16, what is 4 - -4?
8
In base 15, what is -4 - -13a?
136
In base 15, what is -18b - -2a?
-161
In base 9, what is 4 + 114?
118
In base 13, what is 1260 + 0?
1260
In base 8, what is 36204 + -1?
36203
In base 16, what is 76 - 27?
4f
In base 10, what is -2 - -158?
156
In base 10, what is -44 + -2?
-46
In base 15, what is -153 + -a?
-15d
In base 10, what is 1 + -1066?
-1065
In base 15, what is -ce4 + 4?
-ce0
In base 5, what is 1 + -1344?
-1343
In base 16, what is -2 + 9?
7
In base 7, what is 60 + 326?
416
In base 15, what is 9 + -a?
-1
In base 16, what is -7a - -5?
-75
In base 11, what is -1 + -21?
-22
In base 13, what is -32 + -1?
-33
In base 15, what is -db - 15?
-101
In base 5, what is -2340 + 2?
-2333
In base 11, what is -646 + -2?
-648
In base 6, what is -25 + -4015?
-4044
In base 8, what is 202 + 5?
207
In base 8, what is -253 - -35?
-216
In base 9, what is 5 - 136?
-131
In base 8, what is 10 - -357?
367
In base 2, what is -100 + 10101110101?
10101110001
In base 5, what is 321 - -1?
322
In base 5, what is 1 + -1004?
-1003
In base 13, what is -111 - -3?
-10b
In base 7, what is 1 + -630?
-626
In base 12, what is -4 + 14?
10
In base 12, what is 596 - -5?
59b
In base 4, what is 11 + 132?
203
In base 9, what is -260 + -1?
-261
In base 11, what is 344 - -5?
349
In base 8, what is 16141 + -4?
16135
In base 16, what is -e - -2a?
1c
In base 16, what is -3 - -1660?
165d
In base 10, what is 23 + 3?
26
In base 16, what is -6 + -b?
-11
In base 14, what is -551 - -3?
-54c
In base 15, what is 15 + 14?
29
In base 16, what is 1 - -a5?
a6
In base 3, what is -1021220 - -12?
-1021201
In base 12, what is -1 + -83?
-84
In base 16, what is -1a7 - 1c?
-1c3
In base 12, what is -4 - -141?
139
In base 6, what is 3 + 1555?
2002
In base 15, what is -5 + a20?
a1a
In base 5, what is -1314 + 33?
-1231
In base 14, what is a + 4?
10
In base 11, what is 2 - -529?
530
In base 13, what is 1 - -4b0?
4b1
In base 2, what is -101101 + -111?
-110100
In base 6, what is 54 - 1?
53
In base 7, what is 5 - -4055?
4063
In base 4, what is -3 - -1220?
1211
In base 3, what is -11112 - 222?
-12111
In base 6, what is -1 + -25?
-30
In base 6, what is -1224 + -4?
-1232
In base 16, what is -1c + f?
-d
In base 14, what is -14a + 14?
-136
In base 14, what is 0 + -4?
-4
In base 5, what is 134 + 11?
200
In base 16, what is -46e + 14?
-45a
In base 4, what is 3012 - 11?
3001
In base 6, what is -440 - 4?
-444
In base 8, what is 200 - 34?
144
In base 14, what is 1 - 55c?
-55b
In base 13, what is -528 + -3?
-52b
In base 6, what is -4 - 10415?
-10423
In base 14, what is 0 - -37?
37
In base 15, what is -8 - -1?
-7
In base 9, what is -572 + 5?
-566
In base 12, what is 9 - -8a?
97
In base 15, what is -37d + -5?
-383
In base 2, what is 10101000 + -1?
10100111
In base 4, what is -3 - 1021302?
-1021311
In base 9, what is 25 - 86?
-61
In base 13, what is -17b + -1?
-17c
In base 15, what is -63 + -53?
-b6
In base 15, what is 0 - 74d?
-74d
In base 9, what is 16 + -25?
-8
In base 10, what is -2500 + -4?
-2504
In base 10, what is -12 - 29?
-41
In base 4, what is 210 - 1?
203
In base 16, what is f + b0?
bf
In base 13, what is 0 + -b?
-b
In base 3, what is -12 - -112?
100
In base 3, what is -1 + 121211?
121210
In base 14, what is 14 + -1?
13
In base 12, what is -4 - -a75?
a71
In base 5, what is 231 + -2?
224
In base 2, what is 10 + -11?
-1
In base 4, what is 2021210 + 2?
2021212
In base 10, what is 4 - 1283?
-1279
In base 14, what is 3 + 3d?
42
In base 9, what is 22 + -17?
4
In base 13, what is 22 + 3?
25
In base 2, what is 0 + -10011?
-10011
In base 2, what is -11011111 + 1?
-11011110
In base 4, what is -1103 - -201?
-302
In base 9, what is -333 + -5?
-338
In base 3, what is 12 - 2110021?
-2110002
In base 5, what is 11422 + -1?
11421
In base 13, what is 351 + 18?
369
In base 15, what is 5 + -3ba?
-3b5
In base 16, what is -3 + 145?
142
In base 11, what is 5 - -825?
82a
In base 9, what is -4 + -158?
-163
In base 13, what is 1c - -24?
43
In base 14, what is 5 + 148?
14d
In base 11, what is 4 + 485?
489
In base 8, what is -5 - -21?
14
In base 12, what is 208 + 4?
210
In base 12, what is 558 - 4?
554
In base 14, what is 0 - -44?
44
In base 6, what is -434 + 2?
-432
In base 16, what is 0 + -ab?
-ab
In base 2, what is 11 - 11011?
-11000
In base 6, what is 34130 - 0?
34130
In base 2, what is 1 - 100110011?
-100110010
In base 7, what is 4 - -611?
615
In base 6, what is 1344 + 122?
1510
In base 13, what is 33bc + -4?
33b8
In base 9, what is -201 - -3?
-187
In base 11, what is -16 - -30?
15
In base 6, what is 4201 - 4?
4153
In base 10, what is -10 - 487?
-497
In base 6, what is 12135 - -5?
12144
In base 15, what is -1a + -15?
-30
In base 13, what is -a0 - 16?
-b6
In base 10, what is 4 + 1065?
1069
In base 3, what is 10020010 + 1?
10020011
In base 7, what is -5 + 6?
1
In base 12, what is 74 - 52?
22
In base 5, what is 40111 - -3?
40114
In base 5, what is -343 - 1124?
-2022
In base 12, what is 128b8 - 5?
128b3
In base 2, what is 101 - -100100?
101001
In base 7, what is 3 + 136?
142
In base 9, what is -3 - -418?
415
In base 16, what is -1c + a?
-12
In base 6, what is -545 - -14?
-531
In base 6, what is -10413 + 2?
-10411
In base 15, what is 250 - -6?
256
In base 7, what is -210 + 13?
-164
In base 7, what is 24435 + 4?
24442
In base 9, what is -78 + 5?
-73
In base 13, what is 24c + 5?
254
In base 10, what is -126 - -5?
-121
In base 13, what is 4 - 5c?
-58
In base 10, what is -1 - -256?
255
In base 7, what is -354 + -3?
-360
In base 13, what is 554 - -5?
559
In base 4, what is 0 - -1130?
1130
In base 7, what is 1 - -162?
163
In base 9, what is -4 + 1?
-3
In base 8, what is -256 - -1?
-255
In base 14, what is -1644 - 1?
-1645
In base 7, what is -622 - -13?
-606
In base 15, what is -15 + -14c?
-162
In base 13, what is -c57a - 5?
-c582
In base 12, what is -93 + -3?
-96
In base 15, what is 1 + -60?
-5e
In base 10, what is -160 + -63?
-223
In base 5, what is -1 + -31130?
-31131
In base 11, what is -210 + 1?
-20a
In base 4, what is -20211 - 1?
-20212
In base 8, what is -4653 + -1?
-4654
In base 14, what is 102 - 2?
100
In base 7, what is 265 + -120?
145
In base 5, what is -12 + 1122?
1110
In base 12, what is -1225 - 3?
-1228
In base 15, what is -2 + 1098?
1096
In base 3, what is -2120 - 1012?
-10202
In base 8, what is -1665 + 5?
-1660
In base 12, what is -1 - 22?
-23
In base 14, what is -78 - -77?
-1
In base 12, what is -82 - a?
-90
In base 13, wh